{"id":25,"date":"2024-06-22T16:18:58","date_gmt":"2024-06-22T14:18:58","guid":{"rendered":"https:\/\/xn--rtchengruppe-3ib.de\/?page_id=25"},"modified":"2024-06-22T16:18:58","modified_gmt":"2024-06-22T14:18:58","slug":"spenden","status":"publish","type":"page","link":"https:\/\/xn--rtchengruppe-3ib.de\/index.php\/spenden\/","title":{"rendered":"Spenden"},"content":{"rendered":"\n<p>F\u00fcr den Umbau und die Realisierung des Konzepts werden Spenden \u00fcber den F\u00f6rderverein der Benninghofer Grundschule gesammelt.<\/p>\n\n\n\n<p><a href=\"https:\/\/www.benninghofer-grundschule.de\/index.php?id=85\" data-type=\"link\" data-id=\"https:\/\/www.benninghofer-grundschule.de\/index.php?id=85\">F\u00f6rderverein Benninghofer Grundschule<\/a><\/p>\n\n\n\n<p>Spenden f\u00fcr das Projekt Schultoiletten k\u00f6nnen also direkt auf das Vereinskonto mit dem Stichwort &#8222;<strong>Schultoiletten<\/strong>&#8220; \u00fcberwiesen werden. <\/p>\n\n\n\n<p>Sparkasse Dortmund<\/p>\n\n\n\n<p>IBAN DE82 4405 0199 0511 0039 62<\/p>\n\n\n\n<p>BIC DORTDE33XXX<\/p>\n\n\n\n<p><\/p>\n","protected":false},"excerpt":{"rendered":"<p>F\u00fcr den Umbau und die Realisierung des Konzepts werden Spenden \u00fcber den F\u00f6rderverein der Benninghofer Grundschule gesammelt. F\u00f6rderverein Benninghofer Grundschule Spenden f\u00fcr das Projekt Schultoiletten k\u00f6nnen also direkt auf das Vereinskonto mit dem Stichwort &#8222;Schultoiletten&#8220; \u00fcberwiesen werden. Sparkasse Dortmund IBAN DE82 4405 0199 0511 0039 62 BIC DORTDE33XXX<\/p>\n","protected":false},"author":1,"featured_media":0,"parent":0,"menu_order":0,"comment_status":"closed","ping_status":"closed","template":"","meta":{"footnotes":""},"class_list":["post-25","page","type-page","status-publish","hentry"],"_links":{"self":[{"href":"https:\/\/xn--rtchengruppe-3ib.de\/index.php\/wp-json\/wp\/v2\/pages\/25","targetHints":{"allow":["GET"]}}],"collection":[{"href":"https:\/\/xn--rtchengruppe-3ib.de\/index.php\/wp-json\/wp\/v2\/pages"}],"about":[{"href":"https:\/\/xn--rtchengruppe-3ib.de\/index.php\/wp-json\/wp\/v2\/types\/page"}],"author":[{"embeddable":true,"href":"https:\/\/xn--rtchengruppe-3ib.de\/index.php\/wp-json\/wp\/v2\/users\/1"}],"replies":[{"embeddable":true,"href":"https:\/\/xn--rtchengruppe-3ib.de\/index.php\/wp-json\/wp\/v2\/comments?post=25"}],"version-history":[{"count":1,"href":"https:\/\/xn--rtchengruppe-3ib.de\/index.php\/wp-json\/wp\/v2\/pages\/25\/revisions"}],"predecessor-version":[{"id":26,"href":"https:\/\/xn--rtchengruppe-3ib.de\/index.php\/wp-json\/wp\/v2\/pages\/25\/revisions\/26"}],"wp:attachment":[{"href":"https:\/\/xn--rtchengruppe-3ib.de\/index.php\/wp-json\/wp\/v2\/media?parent=25"}],"curies":[{"name":"wp","href":"https:\/\/api.w.org\/{rel}","templated":true}]}}